{"id":92,"date":"2023-07-28T22:08:18","date_gmt":"2023-07-28T20:08:18","guid":{"rendered":"https:\/\/os-donji-kraljevec.skole.hr\/?page_id=92"},"modified":"2025-06-25T11:30:23","modified_gmt":"2025-06-25T09:30:23","slug":"razredna-nastava","status":"publish","type":"page","link":"https:\/\/os-donji-kraljevec.skole.hr\/?page_id=92","title":{"rendered":"Ud\u017ebenici"},"content":{"rendered":"<p>[et_pb_section fb_built=&#8221;1&#8243; _builder_version=&#8221;4.16&#8243; global_colors_info=&#8221;{}&#8221;][et_pb_row _builder_version=&#8221;4.16&#8243; background_size=&#8221;initial&#8221; background_position=&#8221;top_left&#8221; background_repeat=&#8221;repeat&#8221; global_colors_info=&#8221;{}&#8221;][et_pb_column type=&#8221;4_4&#8243; _builder_version=&#8221;4.16&#8243; custom_padding=&#8221;|||&#8221; global_colors_info=&#8221;{}&#8221; custom_padding__hover=&#8221;|||&#8221;][et_pb_text _builder_version=&#8221;4.16&#8243; background_size=&#8221;initial&#8221; background_position=&#8221;top_left&#8221; background_repeat=&#8221;repeat&#8221; global_colors_info=&#8221;{}&#8221;]<!-- divi:columns --><\/p>\n<div class=\"wp-block-columns\"><!-- divi:column {\"width\":\"100%\"} --><\/p>\n<div class=\"wp-block-column\" style=\"flex-basis:100%\"><!-- divi:filebird\/document-library \/--><\/div>\n<p><!-- \/divi:column --><\/div>\n<p><!-- \/divi:columns -->[\/et_pb_text][et_pb_text _builder_version=&#8221;4.25.0&#8243; _module_preset=&#8221;default&#8221; background_color=&#8221;RGBA(255,255,255,0)&#8221; hover_enabled=&#8221;0&#8243; global_colors_info=&#8221;{}&#8221; sticky_enabled=&#8221;0&#8243;]<\/p>\n<h4 style=\"text-align: justify\"><strong>Ud\u017ebenici i DOM 2025.\/2026.<\/strong><\/h4>\n<p style=\"text-align: justify\">Sukladno \u010dl. 14. Zakona o ud\u017ebenicima i drugim obrazovnim materijalima za osnovnu i srednju \u0161kolu (NN 116\/2018) sredstva za nabavu ud\u017ebenika za u\u010denike osnovnih \u0161kola osigurana su u Dr\u017eavnome prora\u010dunu. Ud\u017ebenici nabavljeni sredstvima Dr\u017eavnoga prora\u010duna vlasni\u0161tvo su \u0160kole, a postupanje s njima regulirano je Naputkom o na\u010dinu uporabe, vra\u0107anja i obnavljanja ud\u017ebenika i drugih obrazovnih materijala (NN 46\/2019).<\/p>\n<p style=\"text-align: justify\">Sukladno \u010dlanku 10. Zakona o ud\u017ebenicima i drugim obrazovnim materijalima za osnovnu i srednju \u0161kolu (NN 116\/2018), u\u010ditelji razredne nastave i stru\u010dni aktivi predmeta, na razini \u0160kole u vi\u0161im razredima, O\u0160 Donji Kraljevec, donose Odluke o odabiru ud\u017ebenika u razrednoj i predmetnoj nastavi.<\/p>\n<p style=\"text-align: justify\">Sukladno \u010dlanku 16. Zakona o ud\u017ebenicima i drugim obrazovnim materijalima za osnovnu i srednju \u0161kolu (NN 116\/2018) Osnovna \u0161kola Donju Kraljevec donosi Odluku o kori\u0161tenju komercijalnih drugih obrazovnih materijala.<\/p>\n<p style=\"text-align: justify\"><span><strong>Popisi ud\u017ebenika i drugih obrazovnih materijala za svaki razred nalaze se u prilo\u017eenim dokumentima.<\/strong><\/span><\/p>\n<p style=\"text-align: justify\"><span><strong>Roditelji kupuju samo drugi obrazovni materijal (radne bilje\u017enice,\u00a0zbirke zadataka, atlas) ozna\u010den plavom bojom.\u00a0<\/strong><\/span><\/p>\n<p style=\"text-align: justify\"><span><strong>Ud\u017ebenici su besplatni, a \u0160kola \u0107e izvr\u0161iti narud\u017ebu ud\u017ebenika za sve u\u010denike. Preuzimanje ud\u017ebenika obavit \u0107e se prvog dana nastave, a sukladno tome pripremit \u0107emo i izjave i suglasnosti za roditelje u vezi s ud\u017ebenicima i drugim obrazovnim materijalima.<\/strong><\/span><\/p>\n<p style=\"text-align: justify\"><a href=\"https:\/\/os-donji-kraljevec.skole.hr\/wp-content\/uploads\/sites\/428\/2025\/06\/Odabrani-udzbenici-za-2025.-26.xlsx\" rel=\"attachment wp-att-298261\">Odabrani ud\u017ebenici za 2025.-26.<\/a><\/p>\n<p style=\"text-align: justify\"><a href=\"https:\/\/os-donji-kraljevec.skole.hr\/wp-content\/uploads\/sites\/428\/2025\/06\/Odluka-o-odabiru-udzbenika-u-RN-2025.-2026.pdf\" rel=\"attachment wp-att-298267\">Odluka o odabiru ud\u017ebenika u RN 2025.-2026.<\/a><\/p>\n<p style=\"text-align: justify\"><a href=\"https:\/\/os-donji-kraljevec.skole.hr\/wp-content\/uploads\/sites\/428\/2025\/06\/Odluka-o-odabiru-udzbenika-u-PN-2025.-2026.pdf\" rel=\"attachment wp-att-298270\">Odluka o odabiru ud\u017ebenika u PN 2025.-2026.<\/a><\/p>\n<p style=\"text-align: justify\"><a href=\"https:\/\/os-donji-kraljevec.skole.hr\/wp-content\/uploads\/sites\/428\/2025\/06\/Odluka-o-koristenju-komercijalnih-drugih-obrazovnih-materijala-2025.-2026.pdf\" rel=\"attachment wp-att-298273\">Odluka o kori\u0161tenju komercijalnih drugih obrazovnih materijala 2025.-2026.<\/a><\/p>\n<p>[\/et_pb_text][\/et_pb_column][\/et_pb_row][\/et_pb_section]<\/p>\n","protected":false},"excerpt":{"rendered":"<p>Ud\u017ebenici i DOM 2025.\/2026. Sukladno \u010dl. 14. Zakona o ud\u017ebenicima i drugim obrazovnim materijalima za osnovnu i srednju \u0161kolu (NN 116\/2018) sredstva za nabavu ud\u017ebenika za u\u010denike osnovnih \u0161kola osigurana su u Dr\u017eavnome prora\u010dunu. Ud\u017ebenici nabavljeni sredstvima Dr\u017eavnoga prora\u010duna vlasni\u0161tvo su \u0160kole, a postupanje s njima regulirano je Naputkom o na\u010dinu uporabe, vra\u0107anja i obnavljanja [&hellip;]<\/p>\n","protected":false},"author":0,"featured_media":0,"parent":0,"menu_order":0,"comment_status":"closed","ping_status":"closed","template":"","meta":{"_et_pb_use_builder":"on","_et_pb_old_content":"<!-- wp:columns -->\n<div class=\"wp-block-columns\"><!-- wp:column {\"width\":\"100%\"} -->\n<div class=\"wp-block-column\" style=\"flex-basis:100%\"><!-- wp:filebird\/document-library \/--><\/div>\n<!-- \/wp:column --><\/div>\n<!-- \/wp:columns -->","_et_gb_content_width":"","footnotes":""},"class_list":["post-92","page","type-page","status-publish","hentry"],"_links":{"self":[{"href":"https:\/\/os-donji-kraljevec.skole.hr\/index.php?rest_route=\/wp\/v2\/pages\/92","targetHints":{"allow":["GET"]}}],"collection":[{"href":"https:\/\/os-donji-kraljevec.skole.hr\/index.php?rest_route=\/wp\/v2\/pages"}],"about":[{"href":"https:\/\/os-donji-kraljevec.skole.hr\/index.php?rest_route=\/wp\/v2\/types\/page"}],"replies":[{"embeddable":true,"href":"https:\/\/os-donji-kraljevec.skole.hr\/index.php?rest_route=%2Fwp%2Fv2%2Fcomments&post=92"}],"version-history":[{"count":9,"href":"https:\/\/os-donji-kraljevec.skole.hr\/index.php?rest_route=\/wp\/v2\/pages\/92\/revisions"}],"predecessor-version":[{"id":298276,"href":"https:\/\/os-donji-kraljevec.skole.hr\/index.php?rest_route=\/wp\/v2\/pages\/92\/revisions\/298276"}],"wp:attachment":[{"href":"https:\/\/os-donji-kraljevec.skole.hr\/index.php?rest_route=%2Fwp%2Fv2%2Fmedia&parent=92"}],"curies":[{"name":"wp","href":"https:\/\/api.w.org\/{rel}","templated":true}]}}

Udžbenici

<p>[et_pb_section fb_built=&#8221;1&#8243; _builder_version=&#8221;4.16&#8243; global_colors_info=&#8221;{}&#8221;][et_pb_row _builder_version=&#8221;4.16&#8243; background_size=&#8221;initial&#8221; background_position=&#8221;top_left&#8221; background_repeat=&#8221;repeat&#8221; global_colors_info=&#8221;{}&#8221;][et_pb_column type=&#8221;4_4&#8243; _builder_version=&#8221;4.16&#8243; custom_padding=&#8221;|||&#8221; global_colors_info=&#8221;{}&#8221; custom_padding__hover=&#8221;|||&#8221;][et_pb_text _builder_version=&#8221;4.16&#8243; background_size=&#8221;initial&#8221; background_position=&#8221;top_left&#8221; background_repeat=&#8221;repeat&#8221; global_colors_info=&#8221;{}&#8221;]<!-- divi:columns --></p>
<div class="wp-block-columns"><!-- divi:column {"width":"100%"} --></p>
<div class="wp-block-column" style="flex-basis:100%"><!-- divi:filebird/document-library /--></div>
<p><!-- /divi:column --></div>
<p><!-- /divi:columns -->[/et_pb_text][et_pb_text _builder_version=&#8221;4.25.0&#8243; _module_preset=&#8221;default&#8221; background_color=&#8221;RGBA(255,255,255,0)&#8221; hover_enabled=&#8221;0&#8243; global_colors_info=&#8221;{}&#8221; sticky_enabled=&#8221;0&#8243;]</p>
<h4 style="text-align: justify"><strong>Udžbenici i DOM 2025./2026.</strong></h4>
<p style="text-align: justify">Sukladno čl. 14. Zakona o udžbenicima i drugim obrazovnim materijalima za osnovnu i srednju školu (NN 116/2018) sredstva za nabavu udžbenika za učenike osnovnih škola osigurana su u Državnome proračunu. Udžbenici nabavljeni sredstvima Državnoga proračuna vlasništvo su Škole, a postupanje s njima regulirano je Naputkom o načinu uporabe, vraćanja i obnavljanja udžbenika i drugih obrazovnih materijala (NN 46/2019).</p>
<p style="text-align: justify">Sukladno članku 10. Zakona o udžbenicima i drugim obrazovnim materijalima za osnovnu i srednju školu (NN 116/2018), učitelji razredne nastave i stručni aktivi predmeta, na razini Škole u višim razredima, OŠ Donji Kraljevec, donose Odluke o odabiru udžbenika u razrednoj i predmetnoj nastavi.</p>
<p style="text-align: justify">Sukladno članku 16. Zakona o udžbenicima i drugim obrazovnim materijalima za osnovnu i srednju školu (NN 116/2018) Osnovna škola Donju Kraljevec donosi Odluku o korištenju komercijalnih drugih obrazovnih materijala.</p>
<p style="text-align: justify"><span><strong>Popisi udžbenika i drugih obrazovnih materijala za svaki razred nalaze se u priloženim dokumentima.</strong></span></p>
<p style="text-align: justify"><span><strong>Roditelji kupuju samo drugi obrazovni materijal (radne bilježnice, zbirke zadataka, atlas) označen plavom bojom. </strong></span></p>
<p style="text-align: justify"><span><strong>Udžbenici su besplatni, a Škola će izvršiti narudžbu udžbenika za sve učenike. Preuzimanje udžbenika obavit će se prvog dana nastave, a sukladno tome pripremit ćemo i izjave i suglasnosti za roditelje u vezi s udžbenicima i drugim obrazovnim materijalima.</strong></span></p>
<p style="text-align: justify"><a href="https://os-donji-kraljevec.skole.hr/wp-content/uploads/sites/428/2025/06/Odabrani-udzbenici-za-2025.-26.xlsx" rel="attachment wp-att-298261">Odabrani udžbenici za 2025.-26.</a></p>
<p style="text-align: justify"><a href="https://os-donji-kraljevec.skole.hr/wp-content/uploads/sites/428/2025/06/Odluka-o-odabiru-udzbenika-u-RN-2025.-2026.pdf" rel="attachment wp-att-298267">Odluka o odabiru udžbenika u RN 2025.-2026.</a></p>
<p style="text-align: justify"><a href="https://os-donji-kraljevec.skole.hr/wp-content/uploads/sites/428/2025/06/Odluka-o-odabiru-udzbenika-u-PN-2025.-2026.pdf" rel="attachment wp-att-298270">Odluka o odabiru udžbenika u PN 2025.-2026.</a></p>
<p style="text-align: justify"><a href="https://os-donji-kraljevec.skole.hr/wp-content/uploads/sites/428/2025/06/Odluka-o-koristenju-komercijalnih-drugih-obrazovnih-materijala-2025.-2026.pdf" rel="attachment wp-att-298273">Odluka o korištenju komercijalnih drugih obrazovnih materijala 2025.-2026.</a></p>
<p>[/et_pb_text][/et_pb_column][/et_pb_row][/et_pb_section]</p>

<p>Udžbenici i DOM 2025./2026. Sukladno čl. 14. Zakona o udžbenicima i drugim obrazovnim materijalima za osnovnu i srednju školu (NN 116/2018) sredstva za nabavu udžbenika za učenike osnovnih škola osigurana su u Državnome proračunu. Udžbenici nabavljeni sredstvima Državnoga proračuna vlasništvo su Škole, a postupanje s njima regulirano je Naputkom o načinu uporabe, vraćanja i obnavljanja [&hellip;]</p>
