{"id":74,"date":"2023-07-28T22:07:14","date_gmt":"2023-07-28T20:07:14","guid":{"rendered":"https:\/\/os-donji-kraljevec.skole.hr\/?page_id=74"},"modified":"2026-03-26T12:31:31","modified_gmt":"2026-03-26T11:31:31","slug":"skolska-kuhinja","status":"publish","type":"page","link":"https:\/\/os-donji-kraljevec.skole.hr\/?page_id=74","title":{"rendered":"\u0160kolska kuhinja"},"content":{"rendered":"<p>[et_pb_section fb_built=&#8221;1&#8243; _builder_version=&#8221;4.25.0&#8243; _module_preset=&#8221;default&#8221; global_colors_info=&#8221;{}&#8221;][et_pb_row _builder_version=&#8221;4.25.0&#8243; _module_preset=&#8221;default&#8221; global_colors_info=&#8221;{}&#8221;][et_pb_column type=&#8221;4_4&#8243; _builder_version=&#8221;4.25.0&#8243; _module_preset=&#8221;default&#8221; global_colors_info=&#8221;{}&#8221;][et_pb_text _builder_version=&#8221;4.25.0&#8243; _module_preset=&#8221;default&#8221; hover_enabled=&#8221;0&#8243; global_colors_info=&#8221;{}&#8221; sticky_enabled=&#8221;0&#8243;]<\/p>\n<h3><strong>Jelovnik<\/strong><\/h3>\n<p><a href=\"https:\/\/os-donji-kraljevec.skole.hr\/wp-content\/uploads\/sites\/428\/2026\/03\/JELOVNIK-SKOLSKE-KUHINJE-ZA-TRAVANJ-2026.pdf\" rel=\"attachment wp-att-301302\">JELOVNIK \u0160KOLSKE KUHINJE ZA TRAVANJ 2026.<\/a><\/p>\n<p><a href=\"https:\/\/os-donji-kraljevec.skole.hr\/wp-content\/uploads\/sites\/428\/2026\/03\/JELOVNIK-SKOLSKE-KUHINJE-ZA-OZUJAK-2026.pdf\" rel=\"attachment wp-att-300804\">JELOVNIK \u0160KOLSKE KUHINJE ZA O\u017dUJAK 2026.<\/a><\/p>\n<p><a href=\"https:\/\/os-donji-kraljevec.skole.hr\/wp-content\/uploads\/sites\/428\/2026\/01\/JELOVNIK-SKOLSKE-KUHINJE-ZA-VELJACU-2026.pdf\" rel=\"attachment wp-att-300321\">JELOVNIK \u0160KOLSKE KUHINJE ZA VELJA\u010cU 2026.<\/a><\/p>\n<p><a href=\"https:\/\/os-donji-kraljevec.skole.hr\/wp-content\/uploads\/sites\/428\/2026\/01\/JELOVNIK-SKOLSKE-KUHINJE-ZA-SIJECANJ-2026.pdf\" rel=\"attachment wp-att-300147\">JELOVNIK \u0160KOLSKE KUHINJE ZA SIJE\u010cANJ 2026.<\/a><\/p>\n<p><a href=\"https:\/\/os-donji-kraljevec.skole.hr\/wp-content\/uploads\/sites\/428\/2025\/12\/JELOVNIK-SKOLSKE-KUHINJE-ZA-PROSINAC-2025.pdf\" rel=\"attachment wp-att-299748\">JELOVNIK \u0160KOLSKE KUHINJE ZA PROSINAC 2025.<\/a><\/p>\n<p><a href=\"https:\/\/os-donji-kraljevec.skole.hr\/wp-content\/uploads\/sites\/428\/2025\/10\/JELOVNIK-SKOLSKE-KUHINJE-ZA-STUDENI-2025.pdf\" rel=\"attachment wp-att-299259\">JELOVNIK \u0160KOLSKE KUHINJE ZA STUDENI 2025.<\/a><\/p>\n<p><a href=\"https:\/\/os-donji-kraljevec.skole.hr\/wp-content\/uploads\/sites\/428\/2025\/09\/JELOVNIK-SKOLSKE-KUHINJE-ZA-LISTOPAD-2025.pdf\" rel=\"attachment wp-att-298632\">JELOVNIK \u0160KOLSKE KUHINJE ZA LISTOPAD 2025.<\/a><\/p>\n<p><a href=\"https:\/\/os-donji-kraljevec.skole.hr\/wp-content\/uploads\/sites\/428\/2025\/09\/JELOVNIK-SKOLSKE-KUHINJE-ZA-LISTOPAD-2025.-PRODUZENI-BORAVAK.pdf\" rel=\"attachment wp-att-298626\">JELOVNIK \u0160KOLSKE KUHINJE ZA LISTOPAD 2025. &#8211; PRODU\u017dENI BORAVAK<\/a><\/p>\n<p><a href=\"https:\/\/os-donji-kraljevec.skole.hr\/wp-content\/uploads\/sites\/428\/2025\/08\/JELOVNIK-SKOLSKE-KUHINJE-ZA-RUJAN-2025.pdf\" rel=\"attachment wp-att-298429\">JELOVNIK \u0160KOLSKE KUHINJE ZA RUJAN 2025.<\/a><\/p>\n<p><a href=\"https:\/\/os-donji-kraljevec.skole.hr\/wp-content\/uploads\/sites\/428\/2025\/06\/JELOVNIK-SKOLSKE-KUHINJE-ZA-LIPANJ-2025.pdf\" rel=\"attachment wp-att-297865\">JELOVNIK \u0160KOLSKE KUHINJE ZA LIPANJ 2025.<\/a><\/p>\n<p><a href=\"https:\/\/os-donji-kraljevec.skole.hr\/wp-content\/uploads\/sites\/428\/2025\/05\/JELOVNIK-SKOLSKE-KUHINJE-OS-DONJI-KRALJEVEC-ZA-SVIBANJ-2025.pdf\" rel=\"attachment wp-att-297414\">JELOVNIK \u0160KOLSKE KUHINJE ZA SVIBANJ 2025.<\/a><\/p>\n<p><a href=\"https:\/\/os-donji-kraljevec.skole.hr\/wp-content\/uploads\/sites\/428\/2025\/04\/JELOVNIK-SKOLSKE-KUHINJE-ZA-TRAVANJ-2025.pdf\" rel=\"attachment wp-att-296901\">JELOVNIK \u0160KOLSKE KUHINJE ZA TRAVANJ 2025.<\/a><\/p>\n<p><a href=\"https:\/\/os-donji-kraljevec.skole.hr\/wp-content\/uploads\/sites\/428\/2025\/02\/JELOVNIK-SKOLSKE-KUHINJE-OS-DONJI-KRALJEVEC-ZA-OZUJAK-2025.pdf\" rel=\"attachment wp-att-296487\">JELOVNIK \u0160KOLSKE KUHINJE ZA O\u017dUJAK 2025.<\/a><\/p>\n<p><a href=\"https:\/\/os-donji-kraljevec.skole.hr\/wp-content\/uploads\/sites\/428\/2025\/02\/JELOVNIK-SKOLSKE-KUHINJE-ZA-VELJACU-2025.pdf\" rel=\"attachment wp-att-296139\">JELOVNIK \u0160KOLSKE KUHINJE ZA VELJA\u010cU 2025.<\/a><\/p>\n<p><a href=\"https:\/\/os-donji-kraljevec.skole.hr\/wp-content\/uploads\/sites\/428\/2025\/01\/JELOVNIK-SKOLSKE-KUHINJE-ZA-SIJECANJ-2025.pdf\" rel=\"attachment wp-att-295935\">JELOVNIK \u0160KOLSKE KUHINJE ZA SIJE\u010cANJ 2025.<\/a><\/p>\n<p><a href=\"https:\/\/os-donji-kraljevec.skole.hr\/wp-content\/uploads\/sites\/428\/2024\/12\/JELOVNIK-SKOLSKE-KUHINJE-ZA-PROSINAC-2024.pdf\" rel=\"attachment wp-att-295386\">JELOVNIK \u0160KOLSKE KUHINJE ZA PROSINAC 2024<\/a><\/p>\n<p><a href=\"https:\/\/os-donji-kraljevec.skole.hr\/wp-content\/uploads\/sites\/428\/2024\/10\/JELOVNIK-SKOLSKE-KUHINJE-ZA-STUDENI-2024.pdf\" rel=\"attachment wp-att-295041\">JELOVNIK \u0160KOLSKE KUHINJE ZA STUDENI 2024<\/a><\/p>\n<p><a href=\"https:\/\/os-donji-kraljevec.skole.hr\/wp-content\/uploads\/sites\/428\/2024\/09\/JELOVNIK-SKOLSKE-KUHINJE-ZA-LISTOPAD-2024.pdf\" rel=\"attachment wp-att-293847\">JELOVNIK \u0160KOLSKE KUHINJE ZA LISTOPAD 2024<\/a><\/p>\n<p><a href=\"https:\/\/os-donji-kraljevec.skole.hr\/wp-content\/uploads\/sites\/428\/2024\/09\/JELOVNIK-SKOLSKE-KUHINJE-ZA-RUJAN-2024.pdf\" rel=\"attachment wp-att-293484\">JELOVNIK SKOLSKE KUHINJE ZA RUJAN 2024<\/a><\/p>\n<p>[\/et_pb_text][\/et_pb_column][\/et_pb_row][\/et_pb_section]<\/p>\n","protected":false},"excerpt":{"rendered":"<p>Jelovnik JELOVNIK \u0160KOLSKE KUHINJE ZA TRAVANJ 2026. JELOVNIK \u0160KOLSKE KUHINJE ZA O\u017dUJAK 2026. JELOVNIK \u0160KOLSKE KUHINJE ZA VELJA\u010cU 2026. JELOVNIK \u0160KOLSKE KUHINJE ZA SIJE\u010cANJ 2026. JELOVNIK \u0160KOLSKE KUHINJE ZA PROSINAC 2025. JELOVNIK \u0160KOLSKE KUHINJE ZA STUDENI 2025. JELOVNIK \u0160KOLSKE KUHINJE ZA LISTOPAD 2025. JELOVNIK \u0160KOLSKE KUHINJE ZA LISTOPAD 2025. &#8211; PRODU\u017dENI BORAVAK JELOVNIK \u0160KOLSKE KUHINJE [&hellip;]<\/p>\n","protected":false},"author":0,"featured_media":0,"parent":0,"menu_order":0,"comment_status":"closed","ping_status":"closed","template":"","meta":{"_et_pb_use_builder":"on","_et_pb_old_content":"<!-- wp:divi\/placeholder \/-->","_et_gb_content_width":"","footnotes":""},"class_list":["post-74","page","type-page","status-publish","hentry"],"_links":{"self":[{"href":"https:\/\/os-donji-kraljevec.skole.hr\/index.php?rest_route=\/wp\/v2\/pages\/74","targetHints":{"allow":["GET"]}}],"collection":[{"href":"https:\/\/os-donji-kraljevec.skole.hr\/index.php?rest_route=\/wp\/v2\/pages"}],"about":[{"href":"https:\/\/os-donji-kraljevec.skole.hr\/index.php?rest_route=\/wp\/v2\/types\/page"}],"replies":[{"embeddable":true,"href":"https:\/\/os-donji-kraljevec.skole.hr\/index.php?rest_route=%2Fwp%2Fv2%2Fcomments&post=74"}],"version-history":[{"count":21,"href":"https:\/\/os-donji-kraljevec.skole.hr\/index.php?rest_route=\/wp\/v2\/pages\/74\/revisions"}],"predecessor-version":[{"id":301308,"href":"https:\/\/os-donji-kraljevec.skole.hr\/index.php?rest_route=\/wp\/v2\/pages\/74\/revisions\/301308"}],"wp:attachment":[{"href":"https:\/\/os-donji-kraljevec.skole.hr\/index.php?rest_route=%2Fwp%2Fv2%2Fmedia&parent=74"}],"curies":[{"name":"wp","href":"https:\/\/api.w.org\/{rel}","templated":true}]}}