{"id":300279,"date":"2026-01-22T07:55:12","date_gmt":"2026-01-22T06:55:12","guid":{"rendered":"https:\/\/os-donji-kraljevec.skole.hr\/?page_id=300279"},"modified":"2026-01-22T08:00:24","modified_gmt":"2026-01-22T07:00:24","slug":"online-katalog","status":"publish","type":"page","link":"https:\/\/os-donji-kraljevec.skole.hr\/?page_id=300279","title":{"rendered":"Online katalog"},"content":{"rendered":"<p>[et_pb_section fb_built=&#8221;1&#8243; _builder_version=&#8221;4.25.0&#8243; _module_preset=&#8221;default&#8221; global_colors_info=&#8221;{}&#8221;][et_pb_row _builder_version=&#8221;4.25.0&#8243; _module_preset=&#8221;default&#8221; global_colors_info=&#8221;{}&#8221;][et_pb_column type=&#8221;4_4&#8243; _builder_version=&#8221;4.25.0&#8243; _module_preset=&#8221;default&#8221; global_colors_info=&#8221;{}&#8221;][et_pb_text _builder_version=&#8221;4.25.0&#8243; _module_preset=&#8221;default&#8221; hover_enabled=&#8221;0&#8243; global_colors_info=&#8221;{}&#8221; sticky_enabled=&#8221;0&#8243;]<\/p>\n<h4><strong>Online katalog<\/strong><\/h4>\n<p>Online katalog na\u0161e \u0161kolske knji\u017enice posjetite <a href=\"https:\/\/library.foi.hr\/lib\/index.php?B=857\" target=\"_blank\" rel=\"noopener\">ovdje.<\/a><\/p>\n<p><a href=\"https:\/\/library.foi.hr\/lib\/index.php?B=857\" target=\"_blank\" rel=\"noopener\"><img decoding=\"async\" src=\"https:\/\/os-donji-kraljevec.skole.hr\/wp-content\/uploads\/sites\/428\/2026\/01\/onlinekatalog-300x87.jpg\" width=\"300\" height=\"87\" alt=\"\" class=\"wp-image-300189 alignnone size-medium\" srcset=\"https:\/\/os-donji-kraljevec.skole.hr\/wp-content\/uploads\/sites\/428\/2026\/01\/onlinekatalog-300x87.jpg 300w, https:\/\/os-donji-kraljevec.skole.hr\/wp-content\/uploads\/sites\/428\/2026\/01\/onlinekatalog.jpg 468w\" sizes=\"(max-width: 300px) 100vw, 300px\" \/><\/a><\/p>\n<p>[\/et_pb_text][\/et_pb_column][\/et_pb_row][\/et_pb_section]<\/p>\n","protected":false},"excerpt":{"rendered":"<p>Online katalog Online katalog na\u0161e \u0161kolske knji\u017enice posjetite ovdje.<\/p>\n","protected":false},"author":446,"featured_media":0,"parent":0,"menu_order":0,"comment_status":"closed","ping_status":"closed","template":"","meta":{"_et_pb_use_builder":"on","_et_pb_old_content":"","_et_gb_content_width":"","footnotes":""},"class_list":["post-300279","page","type-page","status-publish","hentry"],"_links":{"self":[{"href":"https:\/\/os-donji-kraljevec.skole.hr\/index.php?rest_route=\/wp\/v2\/pages\/300279","targetHints":{"allow":["GET"]}}],"collection":[{"href":"https:\/\/os-donji-kraljevec.skole.hr\/index.php?rest_route=\/wp\/v2\/pages"}],"about":[{"href":"https:\/\/os-donji-kraljevec.skole.hr\/index.php?rest_route=\/wp\/v2\/types\/page"}],"author":[{"embeddable":true,"href":"https:\/\/os-donji-kraljevec.skole.hr\/index.php?rest_route=\/wp\/v2\/users\/446"}],"replies":[{"embeddable":true,"href":"https:\/\/os-donji-kraljevec.skole.hr\/index.php?rest_route=%2Fwp%2Fv2%2Fcomments&post=300279"}],"version-history":[{"count":4,"href":"https:\/\/os-donji-kraljevec.skole.hr\/index.php?rest_route=\/wp\/v2\/pages\/300279\/revisions"}],"predecessor-version":[{"id":300303,"href":"https:\/\/os-donji-kraljevec.skole.hr\/index.php?rest_route=\/wp\/v2\/pages\/300279\/revisions\/300303"}],"wp:attachment":[{"href":"https:\/\/os-donji-kraljevec.skole.hr\/index.php?rest_route=%2Fwp%2Fv2%2Fmedia&parent=300279"}],"curies":[{"name":"wp","href":"https:\/\/api.w.org\/{rel}","templated":true}]}}