{"id":295902,"date":"2025-01-10T13:07:06","date_gmt":"2025-01-10T12:07:06","guid":{"rendered":"https:\/\/os-donji-kraljevec.skole.hr\/?page_id=295902"},"modified":"2025-01-10T13:07:07","modified_gmt":"2025-01-10T12:07:07","slug":"pristup-informacijama","status":"publish","type":"page","link":"https:\/\/os-donji-kraljevec.skole.hr\/?page_id=295902","title":{"rendered":"Pristup informacijama"},"content":{"rendered":"<p>[et_pb_section fb_built=&#8221;1&#8243; theme_builder_area=&#8221;post_content&#8221; _builder_version=&#8221;4.25.0&#8243; _module_preset=&#8221;default&#8221;][et_pb_row _builder_version=&#8221;4.25.0&#8243; _module_preset=&#8221;default&#8221; theme_builder_area=&#8221;post_content&#8221;][et_pb_column _builder_version=&#8221;4.25.0&#8243; _module_preset=&#8221;default&#8221; type=&#8221;4_4&#8243; theme_builder_area=&#8221;post_content&#8221;][et_pb_text _builder_version=&#8221;4.25.0&#8243; _module_preset=&#8221;default&#8221; theme_builder_area=&#8221;post_content&#8221; hover_enabled=&#8221;0&#8243; sticky_enabled=&#8221;0&#8243;]<\/p>\n<h4><strong>Pristup informacijama<\/strong><\/h4>\n<p><a href=\"https:\/\/os-donji-kraljevec.skole.hr\/wp-content\/uploads\/sites\/428\/2025\/01\/Godisnje_izvjesce_2024.pdf\" rel=\"attachment wp-att-295923\">Godi\u0161nje_izvje\u0161\u0107e_2024.<\/a><\/p>\n<p><a href=\"https:\/\/os-donji-kraljevec.skole.hr\/wp-content\/uploads\/sites\/428\/2025\/01\/Pristup_informacijama_u_OS_Donji_Kraljevec.pdf\" rel=\"attachment wp-att-295911\">Pristup_informacijama_u_O\u0160_Donji_Kraljevec<\/a><\/p>\n<p><a href=\"https:\/\/os-donji-kraljevec.skole.hr\/wp-content\/uploads\/sites\/428\/2025\/01\/Podaci_o_tijelu__i_sluzbenik_za_informiranje.pdf\" rel=\"attachment wp-att-295914\">Podaci_o_tijelu__i_slu\u017ebenik_za_informiranje<\/a><\/p>\n<p><a href=\"https:\/\/os-donji-kraljevec.skole.hr\/wp-content\/uploads\/sites\/428\/2025\/01\/Obrazac-2-Zahtjev-za-pristup-informacijama.doc\" rel=\"attachment wp-att-295917\">Obrazac-2-Zahtjev-za-pristup-informacijama<\/a><\/p>\n<p><a href=\"https:\/\/os-donji-kraljevec.skole.hr\/wp-content\/uploads\/sites\/428\/2025\/01\/Obrazac-3-Zahtjev-za-dopunu-ili-ispravak-informacije-1.doc\" rel=\"attachment wp-att-295920\">Obrazac-3-Zahtjev-za-dopunu-ili-ispravak-informacije-1<\/a><\/p>\n<p>[\/et_pb_text][\/et_pb_column][\/et_pb_row][\/et_pb_section]<\/p>\n","protected":false},"excerpt":{"rendered":"<p>Pristup informacijama Godi\u0161nje_izvje\u0161\u0107e_2024. Pristup_informacijama_u_O\u0160_Donji_Kraljevec Podaci_o_tijelu__i_slu\u017ebenik_za_informiranje Obrazac-2-Zahtjev-za-pristup-informacijama Obrazac-3-Zahtjev-za-dopunu-ili-ispravak-informacije-1<\/p>\n","protected":false},"author":446,"featured_media":0,"parent":0,"menu_order":0,"comment_status":"closed","ping_status":"closed","template":"","meta":{"_et_pb_use_builder":"on","_et_pb_old_content":"","_et_gb_content_width":"","footnotes":""},"class_list":["post-295902","page","type-page","status-publish","hentry"],"_links":{"self":[{"href":"https:\/\/os-donji-kraljevec.skole.hr\/index.php?rest_route=\/wp\/v2\/pages\/295902","targetHints":{"allow":["GET"]}}],"collection":[{"href":"https:\/\/os-donji-kraljevec.skole.hr\/index.php?rest_route=\/wp\/v2\/pages"}],"about":[{"href":"https:\/\/os-donji-kraljevec.skole.hr\/index.php?rest_route=\/wp\/v2\/types\/page"}],"author":[{"embeddable":true,"href":"https:\/\/os-donji-kraljevec.skole.hr\/index.php?rest_route=\/wp\/v2\/users\/446"}],"replies":[{"embeddable":true,"href":"https:\/\/os-donji-kraljevec.skole.hr\/index.php?rest_route=%2Fwp%2Fv2%2Fcomments&post=295902"}],"version-history":[{"count":2,"href":"https:\/\/os-donji-kraljevec.skole.hr\/index.php?rest_route=\/wp\/v2\/pages\/295902\/revisions"}],"predecessor-version":[{"id":295929,"href":"https:\/\/os-donji-kraljevec.skole.hr\/index.php?rest_route=\/wp\/v2\/pages\/295902\/revisions\/295929"}],"wp:attachment":[{"href":"https:\/\/os-donji-kraljevec.skole.hr\/index.php?rest_route=%2Fwp%2Fv2%2Fmedia&parent=295902"}],"curies":[{"name":"wp","href":"https:\/\/api.w.org\/{rel}","templated":true}]}}