{"id":26,"date":"2023-07-28T22:03:41","date_gmt":"2023-07-28T20:03:41","guid":{"rendered":"https:\/\/os-donji-kraljevec.skole.hr\/?page_id=26"},"modified":"2025-06-23T09:26:15","modified_gmt":"2025-06-23T07:26:15","slug":"ravnatelj-ica","status":"publish","type":"page","link":"https:\/\/os-donji-kraljevec.skole.hr\/?page_id=26","title":{"rendered":"Povijest"},"content":{"rendered":"<p>[et_pb_section fb_built=&#8221;1&#8243; _builder_version=&#8221;4.25.0&#8243; _module_preset=&#8221;default&#8221; global_colors_info=&#8221;{}&#8221;][et_pb_row column_structure=&#8221;1_2,1_2&#8243; _builder_version=&#8221;4.25.0&#8243; _module_preset=&#8221;default&#8221; global_colors_info=&#8221;{}&#8221;][et_pb_column type=&#8221;1_2&#8243; _builder_version=&#8221;4.25.0&#8243; _module_preset=&#8221;default&#8221; global_colors_info=&#8221;{}&#8221;][et_pb_image src=&#8221;https:\/\/os-donji-kraljevec.skole.hr\/wp-content\/uploads\/sites\/428\/2024\/08\/skola_dk2.jpg&#8221; title_text=&#8221;skola_dk2&#8243; _builder_version=&#8221;4.25.0&#8243; _module_preset=&#8221;default&#8221; global_colors_info=&#8221;{}&#8221;][\/et_pb_image][et_pb_text _builder_version=&#8221;4.25.0&#8243; _module_preset=&#8221;default&#8221; hover_enabled=&#8221;0&#8243; global_colors_info=&#8221;{}&#8221; sticky_enabled=&#8221;0&#8243;]<\/p>\n<h3 align=\"justify\"><strong><span style=\"font-size: medium\">Povijest \u0161kolstva u Donjem Kraljevcu<\/span><\/strong><\/h3>\n<p style=\"text-align: justify\"><span style=\"font-size: medium\">Osnivanje pu\u010dkih \u0161kola javlja se najprije kao potreba ve\u0107ih naselja u kojima je razvijen obrt i trgovina, a takvo naselje bio je i Donji Kraljevec. U njemu je \u0161kola fundirana, odnosno slu\u017ebeno osnovana, 1852. godine. \u010cak i prije te godine, 1841., postojala je \u0161kola u Donjem Kraljevcu s 30 u\u010denika, ali to je bila \u201eprivatna\u201c \u0161kola. 1868. donesen je zakon koji je trebao temeljitije urediti i modernizirati osnovno \u0161kolstvo, a propisuje obaveznost \u0161kolovanja\u00a0 za svu djecu od \u0161este do petnaeste godine te obvezu osnivanja \u0161kole u svakoj op\u0107ini s trideset \u0161kolskih obveznika. Kao jedna od pu\u010dkih \u0161kola u\u00a0 Zaladskoj \u017eupaniji 1910., a u kotaru Prelog, navodi se i \u0161kola u D. Kraljevcu. \u00a0\u0160kole u to vrijeme dijelile su se na rimokatoli\u010dke, dr\u017eavne i op\u0107inske, a na\u0161a \u0161kola bila je svrstana\u00a0 me\u0111u rimokatoli\u010dke. Poznato je da su te godine u\u010diteljevala 2 u\u010ditelja. 1934.\/1935., u kotaru Prelog, \u0161kolu u\u00a0 D. Kraljevcu polazili su u\u010denici samo iz tog naselja, a D. Kraljevec bio je i jedina politi\u010dka op\u0107ina iz koje je sastavljena ta \u0161kolska op\u0107ina. \u0160kola Cirkovljan bila je tako\u0111er u na\u0161oj politi\u010dkoj op\u0107ini. Zbog velikog broja polaznika i dotrajalosti \u0161kolskih zgrada u 1939.\/40. \u0161kolski odbori ukazuju na potrebu izgradnje nove \u0161kolske zgrade i u D. Kraljevcu. Podatci govore da 1945.\/46. na podru\u010dju kotara Prelog radi 26 osnovnih \u0161kola, od kojih je jedna i Kraljevec. <\/span><\/p>\n<p align=\"justify\">[\/et_pb_text][\/et_pb_column][et_pb_column type=&#8221;1_2&#8243; _builder_version=&#8221;4.25.0&#8243; _module_preset=&#8221;default&#8221; global_colors_info=&#8221;{}&#8221;][et_pb_text _builder_version=&#8221;4.25.0&#8243; _module_preset=&#8221;default&#8221; hover_enabled=&#8221;0&#8243; global_colors_info=&#8221;{}&#8221; sticky_enabled=&#8221;0&#8243;]<\/p>\n<p style=\"text-align: justify\">Prvi zapis u\u00a0 prvom dostupnom Ljetopisu \u0161kole iz 1965.\/66. koji je zapisao\u00a0 ravnatelj Stevo Lisjak glasio je: <em>Nastava u \u0161kolskoj godini 65.\/66. po\u010dela je redovito 1. rujna 1965. u \u0161koli Dra\u0161kovec, podru\u010dnoj \u0161koli Oporovec i samostalnoj osnovnoj \u0161koli Donji Kraljevec.<\/em> Na podru\u010dnoj \u0161koli \u010cukovec ukinuta je redovita nastava 15. lipnja 1965. zbog premalog broja u\u010denika. \u00a0U nastavku je tako\u0111er pisalo: <em>Radne zajednice O\u0160 Dra\u0161kovca i D. Kraljevca bile su suglasne da do\u0111e do integracije ovih dviju \u0161kola. <\/em>Referendumom je izglasano da sjedi\u0161te \u0161kola bude u Donjem Kraljevcu, ali Skup\u0161tina op\u0107ine \u010cakovec odredila je za centralnu \u0161kolu Dra\u0161kovec \u0161to je u Kraljevcu izazvalo te\u0161ki politi\u010dki problem koji je naposljetku rije\u0161en. Dakle, 1965. \u0161kola Donji Kraljevec izgubila je samostalnost i vratila je 2024. godine.\u00a0 1. rujna 2004. postavljena je na \u0161kolsku zgradu natpisna plo\u010da ponovo osnovane O\u0160 Donji Kraljevec, a prvi zapis u novi ljetopis stavio je ravnatelj Josip Strni\u0161\u010dak:\u00a0 <em>Od 1. rujna 2004. godine, nakon 39 godina, ponovno djeluje samostalna Osnovna \u0161kola Donji Kraljevec.<\/em>\u00a0 Nastala je temeljem Izmjene Odluke o mre\u017ei osnovnih \u0161kola u Me\u0111imurskoj \u017eupaniji. \u017dupanijsko poglavarstvo je jo\u0161 15. svibnja 2003. donijelo zaklju\u010dak o razdvajanju. Zatim je Skup\u0161tina Me\u0111imurske \u017eupanije na sjednici 31. 10. 2003. donijela 4 vrlo zna\u010dajne odluke, a 4. je bila Odluka o osnivanju O\u0160 D. Kraljevec s privremenim ravnateljem Josipom Strni\u0161\u010dakom, dotada\u0161njim ravnateljem\u00a0 O\u0160 Dra\u0161kovec-Donji Kraljevec. Ministar Dragan Primorac utvrdio je da su ispunjeni uvjeti za po\u010detak rada \u0161kole s obzirom na prostor, opremu i kadrove sukladno zakonu. Rje\u0161enjem ministra od 3. lipnja 2004. odobren je po\u010detak rada \u0161kole od 1. rujna 2004.\u00a0 Samostalnu \u0161kolu\u00a0 vodio je ravnatelj Strni\u0161\u010dak sve do 1. rujna 2007. kada mandat zapo\u010dinje Sandri Vlahek koja je\u00a0 sve do dana\u0161njeg dana ravnateljica ove \u0161kole.<\/p>\n<p style=\"text-align: justify\">Priredila: Dubravka Horvat<\/p>\n<p>[\/et_pb_text][\/et_pb_column][\/et_pb_row][\/et_pb_section]<\/p>\n","protected":false},"excerpt":{"rendered":"<p>Povijest \u0161kolstva u Donjem Kraljevcu Osnivanje pu\u010dkih \u0161kola javlja se najprije kao potreba ve\u0107ih naselja u kojima je razvijen obrt i trgovina, a takvo naselje bio je i Donji Kraljevec. U njemu je \u0161kola fundirana, odnosno slu\u017ebeno osnovana, 1852. godine. \u010cak i prije te godine, 1841., postojala je \u0161kola u Donjem Kraljevcu s 30 u\u010denika, [&hellip;]<\/p>\n","protected":false},"author":0,"featured_media":0,"parent":0,"menu_order":0,"comment_status":"closed","ping_status":"closed","template":"","meta":{"_et_pb_use_builder":"on","_et_pb_old_content":"<!-- wp:divi\/placeholder \/-->","_et_gb_content_width":"","footnotes":""},"class_list":["post-26","page","type-page","status-publish","hentry"],"_links":{"self":[{"href":"https:\/\/os-donji-kraljevec.skole.hr\/index.php?rest_route=\/wp\/v2\/pages\/26","targetHints":{"allow":["GET"]}}],"collection":[{"href":"https:\/\/os-donji-kraljevec.skole.hr\/index.php?rest_route=\/wp\/v2\/pages"}],"about":[{"href":"https:\/\/os-donji-kraljevec.skole.hr\/index.php?rest_route=\/wp\/v2\/types\/page"}],"replies":[{"embeddable":true,"href":"https:\/\/os-donji-kraljevec.skole.hr\/index.php?rest_route=%2Fwp%2Fv2%2Fcomments&post=26"}],"version-history":[{"count":6,"href":"https:\/\/os-donji-kraljevec.skole.hr\/index.php?rest_route=\/wp\/v2\/pages\/26\/revisions"}],"predecessor-version":[{"id":298258,"href":"https:\/\/os-donji-kraljevec.skole.hr\/index.php?rest_route=\/wp\/v2\/pages\/26\/revisions\/298258"}],"wp:attachment":[{"href":"https:\/\/os-donji-kraljevec.skole.hr\/index.php?rest_route=%2Fwp%2Fv2%2Fmedia&parent=26"}],"curies":[{"name":"wp","href":"https:\/\/api.w.org\/{rel}","templated":true}]}}

<p>[et_pb_section fb_built=&#8221;1&#8243; _builder_version=&#8221;4.25.0&#8243; _module_preset=&#8221;default&#8221; global_colors_info=&#8221;{}&#8221;][et_pb_row column_structure=&#8221;1_2,1_2&#8243; _builder_version=&#8221;4.25.0&#8243; _module_preset=&#8221;default&#8221; global_colors_info=&#8221;{}&#8221;][et_pb_column type=&#8221;1_2&#8243; _builder_version=&#8221;4.25.0&#8243; _module_preset=&#8221;default&#8221; global_colors_info=&#8221;{}&#8221;][et_pb_image src=&#8221;https://os-donji-kraljevec.skole.hr/wp-content/uploads/sites/428/2024/08/skola_dk2.jpg&#8221; title_text=&#8221;skola_dk2&#8243; _builder_version=&#8221;4.25.0&#8243; _module_preset=&#8221;default&#8221; global_colors_info=&#8221;{}&#8221;][/et_pb_image][et_pb_text _builder_version=&#8221;4.25.0&#8243; _module_preset=&#8221;default&#8221; hover_enabled=&#8221;0&#8243; global_colors_info=&#8221;{}&#8221; sticky_enabled=&#8221;0&#8243;]</p>
<h3 align="justify"><strong><span style="font-size: medium">Povijest školstva u Donjem Kraljevcu</span></strong></h3>
<p style="text-align: justify"><span style="font-size: medium">Osnivanje pučkih škola javlja se najprije kao potreba većih naselja u kojima je razvijen obrt i trgovina, a takvo naselje bio je i Donji Kraljevec. U njemu je škola fundirana, odnosno službeno osnovana, 1852. godine. Čak i prije te godine, 1841., postojala je škola u Donjem Kraljevcu s 30 učenika, ali to je bila „privatna“ škola. 1868. donesen je zakon koji je trebao temeljitije urediti i modernizirati osnovno školstvo, a propisuje obaveznost školovanja  za svu djecu od šeste do petnaeste godine te obvezu osnivanja škole u svakoj općini s trideset školskih obveznika. Kao jedna od pučkih škola u  Zaladskoj županiji 1910., a u kotaru Prelog, navodi se i škola u D. Kraljevcu.  Škole u to vrijeme dijelile su se na rimokatoličke, državne i općinske, a naša škola bila je svrstana  među rimokatoličke. Poznato je da su te godine učiteljevala 2 učitelja. 1934./1935., u kotaru Prelog, školu u  D. Kraljevcu polazili su učenici samo iz tog naselja, a D. Kraljevec bio je i jedina politička općina iz koje je sastavljena ta školska općina. Škola Cirkovljan bila je također u našoj političkoj općini. Zbog velikog broja polaznika i dotrajalosti školskih zgrada u 1939./40. školski odbori ukazuju na potrebu izgradnje nove školske zgrade i u D. Kraljevcu. Podatci govore da 1945./46. na području kotara Prelog radi 26 osnovnih škola, od kojih je jedna i Kraljevec. </span></p>
<p align="justify">[/et_pb_text][/et_pb_column][et_pb_column type=&#8221;1_2&#8243; _builder_version=&#8221;4.25.0&#8243; _module_preset=&#8221;default&#8221; global_colors_info=&#8221;{}&#8221;][et_pb_text _builder_version=&#8221;4.25.0&#8243; _module_preset=&#8221;default&#8221; hover_enabled=&#8221;0&#8243; global_colors_info=&#8221;{}&#8221; sticky_enabled=&#8221;0&#8243;]</p>
<p style="text-align: justify">Prvi zapis u  prvom dostupnom Ljetopisu škole iz 1965./66. koji je zapisao  ravnatelj Stevo Lisjak glasio je: <em>Nastava u školskoj godini 65./66. počela je redovito 1. rujna 1965. u školi Draškovec, područnoj školi Oporovec i samostalnoj osnovnoj školi Donji Kraljevec.</em> Na područnoj školi Čukovec ukinuta je redovita nastava 15. lipnja 1965. zbog premalog broja učenika.  U nastavku je također pisalo: <em>Radne zajednice OŠ Draškovca i D. Kraljevca bile su suglasne da dođe do integracije ovih dviju škola. </em>Referendumom je izglasano da sjedište škola bude u Donjem Kraljevcu, ali Skupština općine Čakovec odredila je za centralnu školu Draškovec što je u Kraljevcu izazvalo teški politički problem koji je naposljetku riješen. Dakle, 1965. škola Donji Kraljevec izgubila je samostalnost i vratila je 2024. godine.  1. rujna 2004. postavljena je na školsku zgradu natpisna ploča ponovo osnovane OŠ Donji Kraljevec, a prvi zapis u novi ljetopis stavio je ravnatelj Josip Strniščak:  <em>Od 1. rujna 2004. godine, nakon 39 godina, ponovno djeluje samostalna Osnovna škola Donji Kraljevec.</em>  Nastala je temeljem Izmjene Odluke o mreži osnovnih škola u Međimurskoj županiji. Županijsko poglavarstvo je još 15. svibnja 2003. donijelo zaključak o razdvajanju. Zatim je Skupština Međimurske županije na sjednici 31. 10. 2003. donijela 4 vrlo značajne odluke, a 4. je bila Odluka o osnivanju OŠ D. Kraljevec s privremenim ravnateljem Josipom Strniščakom, dotadašnjim ravnateljem  OŠ Draškovec-Donji Kraljevec. Ministar Dragan Primorac utvrdio je da su ispunjeni uvjeti za početak rada škole s obzirom na prostor, opremu i kadrove sukladno zakonu. Rješenjem ministra od 3. lipnja 2004. odobren je početak rada škole od 1. rujna 2004.  Samostalnu školu  vodio je ravnatelj Strniščak sve do 1. rujna 2007. kada mandat započinje Sandri Vlahek koja je  sve do današnjeg dana ravnateljica ove škole.</p>
<p style="text-align: justify">Priredila: Dubravka Horvat</p>
<p>[/et_pb_text][/et_pb_column][/et_pb_row][/et_pb_section]</p>

<p>Povijest školstva u Donjem Kraljevcu Osnivanje pučkih škola javlja se najprije kao potreba većih naselja u kojima je razvijen obrt i trgovina, a takvo naselje bio je i Donji Kraljevec. U njemu je škola fundirana, odnosno službeno osnovana, 1852. godine. Čak i prije te godine, 1841., postojala je škola u Donjem Kraljevcu s 30 učenika, [&hellip;]</p>
