{"id":152,"date":"2023-07-28T22:21:10","date_gmt":"2023-07-28T20:21:10","guid":{"rendered":"https:\/\/os-donji-kraljevec.skole.hr\/?page_id=152"},"modified":"2024-09-04T07:20:42","modified_gmt":"2024-09-04T05:20:42","slug":"kontakt","status":"publish","type":"page","link":"https:\/\/os-donji-kraljevec.skole.hr\/?page_id=152","title":{"rendered":"Kontakt"},"content":{"rendered":"<p>[et_pb_section fb_built=&#8221;1&#8243; _builder_version=&#8221;4.25.0&#8243; _module_preset=&#8221;default&#8221; global_colors_info=&#8221;{}&#8221;][et_pb_row _builder_version=&#8221;4.25.0&#8243; _module_preset=&#8221;default&#8221; global_colors_info=&#8221;{}&#8221;][et_pb_column type=&#8221;4_4&#8243; _builder_version=&#8221;4.25.0&#8243; _module_preset=&#8221;default&#8221; global_colors_info=&#8221;{}&#8221;][et_pb_text _builder_version=&#8221;4.25.0&#8243; _module_preset=&#8221;default&#8221; hover_enabled=&#8221;0&#8243; global_colors_info=&#8221;{}&#8221; sticky_enabled=&#8221;0&#8243;]<\/p>\n<h4><strong><span style=\"font-family: Arial\">Kontakt<\/span><\/strong><\/h4>\n<p style=\"text-align: center\"><span style=\"font-family: Arial\"><strong>Adresa:<\/strong><br \/>Osnovna \u0161kola Donji Kraljevec<br \/>\u010cakove\u010dka 7, 40 320 D. Kraljevec<\/span><\/p>\n<p style=\"text-align: center\"><span style=\"font-family: Arial\">tajni\u0161tvo:<span>\u00a0<\/span><a href=\"tel:040\/655-137\">040\/655-137<\/a><br \/>e-mail: <a href=\"mailto:skola@os-donji-kraljevec.skole.hr\">skola@os-donji-kraljevec.skole.hr<\/a><\/span><\/p>\n<p style=\"text-align: center\"><span style=\"font-family: Arial\"><\/span><\/p>\n<p style=\"text-align: center\"><span style=\"font-family: Arial\">ravnateljica: <\/span><span style=\"font-family: Arial\">040\/655-604<\/span><span style=\"font-family: Arial\"><\/span><span style=\"font-family: Arial\"><\/span><\/p>\n<p style=\"text-align: center\"><span style=\"font-family: Arial\">e-mail ravanteljice: <a href=\"mailto:sandra.vlahek@skole.hr\">sandra.vlahek@skole.hr<\/a><\/span><\/p>\n<p style=\"text-align: center\"><span style=\"font-family: Arial\"><a href=\"https:\/\/www.google.hr\/maps\/place\/Osnovna+%C5%A1kola+Donji+Kraljevec\/@46.3693762,16.640822,15.71z\/data=!4m6!3m5!1s0x4768a4db05d8dd43:0xe4b2334a5efbb902!8m2!3d46.3696831!4d16.647836!16s%2Fg%2F11g6qxyq44?hl=hr&amp;entry=ttu&amp;g_ep=EgoyMDI0MDgyOC4wIKXMDSoASAFQAw%3D%3D\" target=\"_blank\" rel=\"noopener\">Lokacija<\/a><\/span><\/p>\n<p style=\"text-align: center\"><a href=\"https:\/\/www.google.hr\/maps\/place\/Osnovna+%C5%A1kola+Donji+Kraljevec\/@46.3693762,16.640822,15.71z\/data=!4m6!3m5!1s0x4768a4db05d8dd43:0xe4b2334a5efbb902!8m2!3d46.3696831!4d16.647836!16s%2Fg%2F11g6qxyq44?hl=hr&amp;entry=ttu&amp;g_ep=EgoyMDI0MDgyOC4wIKXMDSoASAFQAw%3D%3D\" target=\"_blank\" rel=\"noopener\"><span style=\"font-family: Arial\"><img decoding=\"async\" src=\"https:\/\/os-donji-kraljevec.skole.hr\/wp-content\/uploads\/sites\/428\/2024\/09\/karta-300x212.png\" width=\"300\" height=\"212\" alt=\"\" class=\"wp-image-293538 alignnone size-medium\" \/><\/span><\/a><\/p>\n<p style=\"text-align: center\"><span style=\"font-family: Arial\"><\/span><\/p>\n<p>[\/et_pb_text][\/et_pb_column][\/et_pb_row][\/et_pb_section]<\/p>\n","protected":false},"excerpt":{"rendered":"<p>Kontakt Adresa:Osnovna \u0161kola Donji Kraljevec\u010cakove\u010dka 7, 40 320 D. Kraljevec tajni\u0161tvo:\u00a0040\/655-137e-mail: skola@os-donji-kraljevec.skole.hr ravnateljica: 040\/655-604 e-mail ravanteljice: sandra.vlahek@skole.hr Lokacija<\/p>\n","protected":false},"author":0,"featured_media":0,"parent":0,"menu_order":0,"comment_status":"closed","ping_status":"closed","template":"","meta":{"_et_pb_use_builder":"on","_et_pb_old_content":"<!-- wp:divi\/placeholder \/-->","_et_gb_content_width":"","footnotes":""},"class_list":["post-152","page","type-page","status-publish","hentry"],"_links":{"self":[{"href":"https:\/\/os-donji-kraljevec.skole.hr\/index.php?rest_route=\/wp\/v2\/pages\/152","targetHints":{"allow":["GET"]}}],"collection":[{"href":"https:\/\/os-donji-kraljevec.skole.hr\/index.php?rest_route=\/wp\/v2\/pages"}],"about":[{"href":"https:\/\/os-donji-kraljevec.skole.hr\/index.php?rest_route=\/wp\/v2\/types\/page"}],"replies":[{"embeddable":true,"href":"https:\/\/os-donji-kraljevec.skole.hr\/index.php?rest_route=%2Fwp%2Fv2%2Fcomments&post=152"}],"version-history":[{"count":5,"href":"https:\/\/os-donji-kraljevec.skole.hr\/index.php?rest_route=\/wp\/v2\/pages\/152\/revisions"}],"predecessor-version":[{"id":293541,"href":"https:\/\/os-donji-kraljevec.skole.hr\/index.php?rest_route=\/wp\/v2\/pages\/152\/revisions\/293541"}],"wp:attachment":[{"href":"https:\/\/os-donji-kraljevec.skole.hr\/index.php?rest_route=%2Fwp%2Fv2%2Fmedia&parent=152"}],"curies":[{"name":"wp","href":"https:\/\/api.w.org\/{rel}","templated":true}]}}